{"id":411,"date":"2019-08-21T15:08:54","date_gmt":"2019-08-21T15:08:54","guid":{"rendered":"https:\/\/doctoretoz.com\/\/?page_id=411"},"modified":"2025-09-12T16:19:53","modified_gmt":"2025-09-12T13:19:53","slug":"about","status":"publish","type":"page","link":"https:\/\/doctoretoz.com\/?page_id=411","title":{"rendered":"ABOUT"},"content":{"rendered":"<p>Abdullah Etoz is an Associate Clinical Doctor of Plastic Surgery at Ac\u0131badem Hospital Groups in \u0130stanbul. He specializes exclusively in aesthetic plastic surgery. Dr. Etoz received his medical education at Sel\u00e7uk University School of Medicine and he completed his surgical residency at Uluda\u011f University.<\/p>\n<p>Dr. Et\u00f6z remains abreast of all the newest technologies and techniques available and has performed thousands of procedures. Dr.Etoz always believes that every single patient is one of a kind and should be treated exclusively.<\/p>\n<p>There are many routes to becoming a plastic surgeon, and Dr. Etoz chose the most thorough and demanding training process: completing entire residencies in both general surgery and plastic surgery.<\/p>\n<p><img loading=\"lazy\" decoding=\"async\" class=\"alignnone wp-image-1485 \" src=\"https:\/\/doctoretoz.com\/wp-content\/uploads\/2025\/09\/cer-1024x714.png\" alt=\"\" width=\"566\" height=\"395\" srcset=\"https:\/\/doctoretoz.com\/wp-content\/uploads\/2025\/09\/cer-1024x714.png 1024w, https:\/\/doctoretoz.com\/wp-content\/uploads\/2025\/09\/cer-300x209.png 300w, https:\/\/doctoretoz.com\/wp-content\/uploads\/2025\/09\/cer-768x535.png 768w, https:\/\/doctoretoz.com\/wp-content\/uploads\/2025\/09\/cer.png 1323w\" sizes=\"(max-width: 566px) 100vw, 566px\" \/><\/p>\n","protected":false},"excerpt":{"rendered":"<p>Abdullah Etoz is an Associate Clinical Doctor of Plastic Surgery at Ac\u0131badem Hospital Groups in \u0130stanbul. He specializes exclusively in <\/p>\n","protected":false},"author":2,"featured_media":0,"parent":0,"menu_order":0,"comment_status":"closed","ping_status":"closed","template":"","meta":{"_joinchat":[],"footnotes":""},"class_list":["post-411","page","type-page","status-publish","hentry"],"yoast_head":"<!-- This site is optimized with the Yoast SEO plugin v19.8 - https:\/\/yoast.com\/wordpress\/plugins\/seo\/ -->\n<title>ABOUT - Doctor Et\u00f6z<\/title>\n<meta name=\"robots\" content=\"index, follow, max-snippet:-1, max-image-preview:large, max-video-preview:-1\" \/>\n<link rel=\"canonical\" href=\"https:\/\/doctoretoz.com\/?page_id=411\" \/>\n<meta property=\"og:locale\" content=\"tr_TR\" \/>\n<meta property=\"og:type\" content=\"article\" \/>\n<meta property=\"og:title\" content=\"ABOUT - Doctor Et\u00f6z\" \/>\n<meta property=\"og:description\" content=\"Abdullah Etoz is an Associate Clinical Doctor of Plastic Surgery at Ac\u0131badem Hospital Groups in \u0130stanbul. He specializes exclusively in\" \/>\n<meta property=\"og:url\" content=\"https:\/\/doctoretoz.com\/?page_id=411\" \/>\n<meta property=\"og:site_name\" content=\"Doctor Et\u00f6z\" \/>\n<meta property=\"article:publisher\" content=\"https:\/\/www.facebook.com\/DrAbdullahEtoz\/\" \/>\n<meta property=\"article:modified_time\" content=\"2025-09-12T13:19:53+00:00\" \/>\n<meta property=\"og:image\" content=\"https:\/\/doctoretoz.com\/wp-content\/uploads\/2025\/09\/cer-1024x714.png\" \/>\n<meta name=\"twitter:card\" content=\"summary_large_image\" \/>\n<meta name=\"twitter:label1\" content=\"Tahmini okuma s\u00fcresi\" \/>\n\t<meta name=\"twitter:data1\" content=\"1 dakika\" \/>\n<script type=\"application\/ld+json\" class=\"yoast-schema-graph\">{\"@context\":\"https:\/\/schema.org\",\"@graph\":[{\"@type\":\"WebPage\",\"@id\":\"https:\/\/doctoretoz.com\/?page_id=411\",\"url\":\"https:\/\/doctoretoz.com\/?page_id=411\",\"name\":\"ABOUT - Doctor Et\u00f6z\",\"isPartOf\":{\"@id\":\"https:\/\/doctoretoz.com\/#website\"},\"datePublished\":\"2019-08-21T15:08:54+00:00\",\"dateModified\":\"2025-09-12T13:19:53+00:00\",\"breadcrumb\":{\"@id\":\"https:\/\/doctoretoz.com\/?page_id=411#breadcrumb\"},\"inLanguage\":\"tr\",\"potentialAction\":[{\"@type\":\"ReadAction\",\"target\":[\"https:\/\/doctoretoz.com\/?page_id=411\"]}]},{\"@type\":\"BreadcrumbList\",\"@id\":\"https:\/\/doctoretoz.com\/?page_id=411#breadcrumb\",\"itemListElement\":[{\"@type\":\"ListItem\",\"position\":1,\"name\":\"Anasayfa\",\"item\":\"https:\/\/doctoretoz.com\/\"},{\"@type\":\"ListItem\",\"position\":2,\"name\":\"ABOUT\"}]},{\"@type\":\"WebSite\",\"@id\":\"https:\/\/doctoretoz.com\/#website\",\"url\":\"https:\/\/doctoretoz.com\/\",\"name\":\"Doctor Et\u00f6z\",\"description\":\"Aesthetic Plastic Surgeon\",\"potentialAction\":[{\"@type\":\"SearchAction\",\"target\":{\"@type\":\"EntryPoint\",\"urlTemplate\":\"https:\/\/doctoretoz.com\/?s={search_term_string}\"},\"query-input\":\"required name=search_term_string\"}],\"inLanguage\":\"tr\"}]}<\/script>\n<!-- \/ Yoast SEO plugin. -->","yoast_head_json":{"title":"ABOUT - Doctor Et\u00f6z","robots":{"index":"index","follow":"follow","max-snippet":"max-snippet:-1","max-image-preview":"max-image-preview:large","max-video-preview":"max-video-preview:-1"},"canonical":"https:\/\/doctoretoz.com\/?page_id=411","og_locale":"tr_TR","og_type":"article","og_title":"ABOUT - Doctor Et\u00f6z","og_description":"Abdullah Etoz is an Associate Clinical Doctor of Plastic Surgery at Ac\u0131badem Hospital Groups in \u0130stanbul. He specializes exclusively in","og_url":"https:\/\/doctoretoz.com\/?page_id=411","og_site_name":"Doctor Et\u00f6z","article_publisher":"https:\/\/www.facebook.com\/DrAbdullahEtoz\/","article_modified_time":"2025-09-12T13:19:53+00:00","og_image":[{"url":"https:\/\/doctoretoz.com\/wp-content\/uploads\/2025\/09\/cer-1024x714.png"}],"twitter_card":"summary_large_image","twitter_misc":{"Tahmini okuma s\u00fcresi":"1 dakika"},"schema":{"@context":"https:\/\/schema.org","@graph":[{"@type":"WebPage","@id":"https:\/\/doctoretoz.com\/?page_id=411","url":"https:\/\/doctoretoz.com\/?page_id=411","name":"ABOUT - Doctor Et\u00f6z","isPartOf":{"@id":"https:\/\/doctoretoz.com\/#website"},"datePublished":"2019-08-21T15:08:54+00:00","dateModified":"2025-09-12T13:19:53+00:00","breadcrumb":{"@id":"https:\/\/doctoretoz.com\/?page_id=411#breadcrumb"},"inLanguage":"tr","potentialAction":[{"@type":"ReadAction","target":["https:\/\/doctoretoz.com\/?page_id=411"]}]},{"@type":"BreadcrumbList","@id":"https:\/\/doctoretoz.com\/?page_id=411#breadcrumb","itemListElement":[{"@type":"ListItem","position":1,"name":"Anasayfa","item":"https:\/\/doctoretoz.com\/"},{"@type":"ListItem","position":2,"name":"ABOUT"}]},{"@type":"WebSite","@id":"https:\/\/doctoretoz.com\/#website","url":"https:\/\/doctoretoz.com\/","name":"Doctor Et\u00f6z","description":"Aesthetic Plastic Surgeon","potentialAction":[{"@type":"SearchAction","target":{"@type":"EntryPoint","urlTemplate":"https:\/\/doctoretoz.com\/?s={search_term_string}"},"query-input":"required name=search_term_string"}],"inLanguage":"tr"}]}},"_links":{"self":[{"href":"https:\/\/doctoretoz.com\/index.php?rest_route=\/wp\/v2\/pages\/411"}],"collection":[{"href":"https:\/\/doctoretoz.com\/index.php?rest_route=\/wp\/v2\/pages"}],"about":[{"href":"https:\/\/doctoretoz.com\/index.php?rest_route=\/wp\/v2\/types\/page"}],"author":[{"embeddable":true,"href":"https:\/\/doctoretoz.com\/index.php?rest_route=\/wp\/v2\/users\/2"}],"replies":[{"embeddable":true,"href":"https:\/\/doctoretoz.com\/index.php?rest_route=%2Fwp%2Fv2%2Fcomments&post=411"}],"version-history":[{"count":20,"href":"https:\/\/doctoretoz.com\/index.php?rest_route=\/wp\/v2\/pages\/411\/revisions"}],"predecessor-version":[{"id":1489,"href":"https:\/\/doctoretoz.com\/index.php?rest_route=\/wp\/v2\/pages\/411\/revisions\/1489"}],"wp:attachment":[{"href":"https:\/\/doctoretoz.com\/index.php?rest_route=%2Fwp%2Fv2%2Fmedia&parent=411"}],"curies":[{"name":"wp","href":"https:\/\/api.w.org\/{rel}","templated":true}]}}